5. Let v(s) = 25*s**2 + 6*s + 2. Let q(n) = m*v(n) + 6*u(n). Is q(3) a prime number?
False
Let u = 35 + -30. Let s be (4 - u)/((-1)/502). Is (s/(-3 - -1))/(-1) a prime number?
True
Let i(q) = 9*q + 7. Let j(g) = 17*g + 14. Let r(b) = 5*i(b) - 2*j(b). Is r(9) composite?
True
Let x = 9067 - 6434. Is x a composite number?
False
Suppose 0 = -4*j - 16, 4*d + 2*j + 629 = 1897. Is d composite?
True
Let s be (-3)/9*0 - 4. Let n(m) = 31*m**2 - 3*m + 1. Is n(s) a composite number?
False
Suppose -3*z - t + 791 + 607 = 0, 2*t = 4*z - 1874. Is z a composite number?
False
Let g(x) = -57*x + 7. Is g(-4) a prime number?
False
Let g be -4 - (-178 - (-4 + 1)). Suppose 0 = -x - 2*f + g, 3*f = 3*x + 133 - 664. Let z = 294 - x. Is z a prime number?
False
Suppose -32 = 2*j - 4*x, -x = 5*j + x + 68. Let b(m) = m**3 + 25*m**2 + 4*m - 1. Is b(j) a prime number?
True
Suppose 2 = 2*b - 0. Suppose b = -4*h + 5*h. Is (265/(-10))/(h/(-2)) a prime number?
True
Let r be 152 + 1 + 1*(2 + -5). Suppose -2*y - r = 5*a - 571, 264 = 3*a + 5*y. Is a a composite number?
False
Let j(l) = -l**2 + 8*l - 7. Let y be j(7). Suppose 0 = -4*o - y*o + 384. Suppose -5*z = 2*d - 241, d + 0*d = -2*z + o. Is z a composite number?
True
Let p be ((-16)/10)/(4/(-20)). Is p/16 + (-2331)/(-6) a prime number?
True
Suppose -5*z + 5*s = -4*z - 899, -5*z + 5*s = -4455. Let f = z + -432. Let h = f - -12. Is h a composite number?
True
Let j(h) be the second derivative of h**5/20 - h**4/4 + h**3/3 - 7*h**2/2 - 5*h. Suppose -2 = 2*g - 12. Is j(g) a composite number?
False
Suppose -98*y = -101*y + 13131. Is y prime?
False
Suppose -7*c + 4*c = -921. Is c a prime number?
True
Let m(v) = v**2 + 7*v - 7. Let y be m(-15). Suppose 4*x - y = -n - 4*n, -4*x - 12 = 0. Is n prime?
False
Suppose -8*k + 88 = 3*k. Let o(f) = 3*f**2 - 1. Is o(k) a composite number?
False
Let o(t) = t**3 - 5*t**2 - 6*t + 9. Let p be o(6). Let j = -9 + p. Suppose -3*x - 1 + 22 = j. Is x composite?
False
Let w be (-1)/(4/(3 + 37)). Is -2 + 162 + 30/w a prime number?
True
Let o = -981 - -2327. Suppose -6*q + o = -5236. Is q prime?
True
Let q be 26776/(-7) - 9/(-63). Let j = -1834 - q. Is j prime?
False
Let w = -17 + 173. Is (w/8 + 4)*6 composite?
True
Suppose -4*p = 2*c - 70, -4*p + 4*c - 3*c = -67. Let j = p + -7. Is (2 + j/(-4))*-278 prime?
True
Suppose 2*w = w - 61. Let j be (-8)/(-5)*(-115)/(-2). Let v = j + w. Is v composite?
False
Let t be 0/(9/3 - 1). Is (-66)/(t + 1 - 3) prime?
False
Let a(g) = -3*g**3 + 2*g**2 + 2*g + 6. Let s be a(-4). Suppose -5*h - s = -4*h. Let y = -31 - h. Is y a prime number?
True
Let r = 2702 - -15599. Is r composite?
False
Suppose -15*w + 22*w - 45941 = 0. Is w a prime number?
True
Suppose 10860 = 5*a + 5*y, 16*a - 2178 = 15*a + 2*y. Is a composite?
True
Let i be (-6)/(3/(-3) - 1). Let t = 7 - i. Let o(r) = r**2 + 5*r - 5. Is o(t) prime?
True
Suppose 4*c - 302 = 562. Is 2/9 + 77928/c a prime number?
False
Suppose 3*t = 5*i + 7, -5*t + 2*i = 6*i - 24. Suppose 0 = -g + 5*x + 2, 5*x + 8 = t*g. Is 4802/154 + g/(-11) composite?
False
Let i(n) = 16*n**2 + 6*n. Let h(g) = 50*g**2 + 18*g + 1. Let d(u) = -2*h(u) + 7*i(u). Let b be 2/8 + 14/8. Is d(b) composite?
True
Suppose 4*q - 2*s - 272 = 0, -2*q - 2*q = -3*s - 276. Let r = 15 + -30. Is (q/5)/((-6)/r) a prime number?
False
Suppose -4*h - 2*r = -4*r - 1398, 3*h + 3*r - 1044 = 0. Let q = -225 + h. Suppose 0 = 14*y - 12*y - q. Is y a prime number?
False
Let p(f) = f**3 - 27*f**2 + 49*f + 25. Let a be p(25). Is ((-261769)/(-201))/((-1 + a)/(-3)) composite?
False
Let l be 0/(0 - (-3 - -2)). Suppose -5*x + l*x + 6690 = 0. Suppose 5*m - x = p - 4*p, 0 = -2*p - m + 899. Is p a composite number?
True
Let b be (9*(-3)/36)/(2/(-8)). Suppose 0 = -b*q + 705 + 1494. Is q prime?
True
Let z be ((-34)/3)/(4/(-1734)). Is (-2)/(z/(-1637) + 3) composite?
False
Suppose 0 = 23*r + 36*r - 399961. Is r a prime number?
True
Let x(d) = d**3 + 9*d**2 - 8*d + 3. Suppose -2 = -4*l - 30. Is x(l) a composite number?
False
Suppose -37*t + 696959 = 53122. Is t a prime number?
True
Is (-18)/33 - (-5947409)/253 a prime number?
False
Let f be 0/(0 + 4 + -5). Suppose -i = 2*q - 143, f = -i - 0*i - 5. Is q a prime number?
False
Let x(h) = 3*h**3 - 6*h**2 + 7*h + 11. Suppose 11*s - 16*s + 30 = 0. Is x(s) prime?
False
Let p(b) = -12132*b**3 - b**2 - 14*b - 14. Is p(-1) a prime number?
False
Let o(t) = 316 - 17*t + 12*t**2 - 316. Is o(7) a composite number?
True
Suppose -3*y - 3196 = -448. Let w = -281 - y. Is w a prime number?
False
Suppose 0 = -6991*o + 6990*o + 54745. Is o prime?
False
Let v = 862 + -507. Suppose -s = 4*s - v. Is s a composite number?
False
Is (30/5 - 13) + 2468 a prime number?
False
Let k = 1992 + 5167. Is k prime?
True
Suppose -31 = 11*v - 31. Suppose 4*n - 3*w - 2723 = v, 0*n = 2*n + 4*w - 1378. Is n prime?
True
Suppose 526056 = 29*x + 80819. Is x prime?
False
Let f be 16/(-3)*(-15)/10. Suppose 0 = -2*u + 2 - f. Is (-179)/(0 + 2 + u) a composite number?
False
Suppose -15 = -6*w + 15. Let b = 3 - w. Is ((-573)/2*b)/1 a composite number?
True
Suppose -5*x + 2*x - 4843 = -4*c, -x - 2423 = -2*c. Is c - (0/(-1))/(-3 - -1) prime?
True
Let w be 526 - (-4 + -1 + 7). Let q = w - 313. Is q prime?
True
Let i = -26 + 34. Suppose i*n = 3*n - h + 8668, 4*h - 1745 = -n. Is n a composite number?
False
Suppose -59739 = -4*h - 12335. Suppose 5*d = 12*d - h. Is d a composite number?
False
Let k(s) = 3*s**2 - 19*s + 21. Let f be k(5). Suppose -2*v + 2 = -2*q, 5*v = 4*q + 3 - 1. Is f*(79 + v)*1 composite?
True
Suppose -2981 = -3*p + 4990. Is p composite?
False
Let q = 301 - -196. Suppose -2*p = -749 - q. Let j = 916 - p. Is j a composite number?
False
Let i(g) = -5724*g - 1. Is i(-1) a prime number?
False
Let a(c) = 728*c**2 + 5*c + 1. Is a(-6) prime?
False
Let u = -2026 - -3017. Is u a composite number?
False
Suppose 7*t - 86217 = -16294. Is t a prime number?
False
Suppose 0 = 40*d + 186956 - 445716. Is d a prime number?
True
Suppose 0 = -4*b + 1810 + 786. Is b a composite number?
True
Let f = 17 + -5. Suppose f*u - 1492 = 16*u. Is u/(-2)*(5 + -3) a prime number?
True
Let k be 1 + 2 - (-4 + -1). Let v be (k/(-2))/(2 + -3). Suppose 4*w = -v*x + 8*x + 460, -2*w = 5*x - 202. Is w a composite number?
True
Let y(o) be the third derivative of 0*o + 1/3*o**3 + 1/6*o**4 + 2/15*o**5 + 0 - 8*o**2 - 1/120*o**6. Is y(-5) prime?
True
Let r(g) = -17*g**2 - 8*g + 8. Suppose 2*s - 10 = -0*s. Let z(k) = 17*k**2 + 8*k - 8. Let l(x) = s*r(x) + 6*z(x). Is l(5) a prime number?
True
Suppose -j = 3*j - 16. Suppose -j*k + 9 = -k. Suppose -12 = -4*b + b - k*r, -2*r - 20 = -2*b. Is b a composite number?
False
Let w(a) = -a + 6. Let d be w(2). Suppose 0 = v - d*v + 30. Suppose -5*q + v*q - 370 = 0. Is q a prime number?
False
Suppose 0 = -4*g + 11*g - 7847. Is g composite?
True
Let b(i) = 47*i**3 - 2*i**2 + 2*i + 1. Let l(f) = -f**2 + 2. Suppose -16*u + 12*u = 0. Let n be l(u). Is b(n) prime?
True
Suppose -3*x = -4*a + 22, -4*a + 1 = 4*x - 7. Let c be (x - -6)/4 + 2. Suppose -c*g - 5*b = -479, 3*g - 2*g + b = 161. Is g prime?
True
Suppose 8*z = 514681 - 561. Is z prime?
False
Let m = 16 + -13. Suppose m*p = p. Suppose 2*o + 33 - 387 = p. Is o a prime number?
False
Let i be (18/(-21))/(2/126). Let d = i + 77. Is d prime?
True
Let q(u) = -503*u**3 - 2*u - 2. Let d be q(-1). Let h be ((-10)/(-3))/((-3)/(-9)). Suppose 114 = -5*k - 3*a + d, -5*a - h = 0. Is k prime?
True
Is (21/6 - 4) + 1527603/34 prime?
False
Let u(f) = -3 - 7*f + 15*f**2 + 5 + 6 + f**3 + 0. Is u(-7) composite?
False
Suppose -4*z + 15775 = 3*b, -3*z + 17279 - 5451 = -b. Is z a composite number?
False
Is (20/40)/(1*(-3)/(-92958)) a prime number?
True
Suppose 3*l - n = 293, -6*l - 4*n = -l - 477. Is l a prime number?
True
Suppose -258*j + 264*j + 36 = 0. Suppose 2*h - 4*s = -6, 2*s + 0 + 3 = 3*h. Is ((-2)/h)/(j/2763) a composite number?
False
Suppose -q + 7126 = -3*w, -14258 = -2*q - 61*w + 65*w. Is q composite?
True
Suppose 2*u = -5*c + 23, -2*c - 14 = -9*u + 4*u. Suppose 0 = d + 4*j + j - 532, 4*d = u*j + 2056. Is d a composite number?
True
Suppose -6 = -2*o - 8. Is (148/3 + o)*3 prime?
False
Let s(r) = -r**3 - r + 79. Suppose -4*u = -w - 2*u + 12, 3*u = -15. Let g(x) = x - 2. Let b be g(w). Is s(b) composite?
False
Let v = 13 - 8. Suppose -a + 3*a - 5*c - 34 = 0